e the prime factors of 41313?
3, 47, 293
What are the prime factors of 6209?
7, 887
List the prime factors of 845.
5, 13
What are the prime factors of 5445?
3, 5, 11
List the prime factors of 100398.
2, 3, 29, 577
List the prime factors of 3240.
2, 3, 5
What are the prime factors of 2468?
2, 617
What are the prime factors of 876?
2, 3, 73
List the prime factors of 125.
5
What are the prime factors of 40304?
2, 11, 229
List the prime factors of 844.
2, 211
What are the prime factors of 862?
2, 431
List the prime factors of 18480.
2, 3, 5, 7, 11
What are the prime factors of 35947?
103, 349
List the prime factors of 1469.
13, 113
List the prime factors of 27782.
2, 29, 479
What are the prime factors of 22308?
2, 3, 11, 13
List the prime factors of 21321.
3, 23, 103
What are the prime factors of 4593?
3, 1531
What are the prime factors of 1030?
2, 5, 103
What are the prime factors of 1493?
1493
List the prime factors of 22045.
5, 4409
List the prime factors of 469.
7, 67
What are the prime factors of 19104?
2, 3, 199
List the prime factors of 740.
2, 5, 37
What are the prime factors of 9317?
7, 11
What are the prime factors of 93?
3, 31
What are the prime factors of 3539?
3539
What are the prime factors of 897?
3, 13, 23
What are the prime factors of 94097?
73, 1289
List the prime factors of 20543.
20543
What are the prime factors of 5979?
3, 1993
List the prime factors of 758.
2, 379
List the prime factors of 10007.
10007
List the prime factors of 29174.
2, 29, 503
What are the prime factors of 61921?
19, 3259
List the prime factors of 123643.
13, 9511
List the prime factors of 370.
2, 5, 37
What are the prime factors of 44910?
2, 3, 5, 499
What are the prime factors of 2931?
3, 977
What are the prime factors of 1155?
3, 5, 7, 11
List the prime factors of 5697.
3, 211
What are the prime factors of 1209?
3, 13, 31
What are the prime factors of 25501?
7, 3643
List the prime factors of 1951.
1951
What are the prime factors of 27534?
2, 3, 13, 353
List the prime factors of 1797.
3, 599
List the prime factors of 3951.
3, 439
What are the prime factors of 26944?
2, 421
What are the prime factors of 293?
293
What are the prime factors of 51677?
31, 1667
List the prime factors of 49755.
3, 5, 31, 107
List the prime factors of 36.
2, 3
What are the prime factors of 116783?
29, 4027
What are the prime factors of 17183?
17183
List the prime factors of 4831.
4831
List the prime factors of 2792.
2, 349
What are the prime factors of 736?
2, 23
List the prime factors of 1343.
17, 79
What are the prime factors of 126227?
126227
List the prime factors of 3779.
3779
What are the prime factors of 7305?
3, 5, 487
What are the prime factors of 71?
71
List the prime factors of 9841.
13, 757
What are the prime factors of 2886?
2, 3, 13, 37
List the prime factors of 66293.
66293
What are the prime factors of 1058?
2, 23
List the prime factors of 3775.
5, 151
What are the prime factors of 855?
3, 5, 19
What are the prime factors of 10763?
47, 229
List the prime factors of 1773.
3, 197
List the prime factors of 325.
5, 13
List the prime factors of 3760.
2, 5, 47
List the prime factors of 6177.
3, 29, 71
What are the prime factors of 1440?
2, 3, 5
List the prime factors of 5789.
7, 827
List the prime factors of 185859.
3, 107, 193
List the prime factors of 437.
19, 23
List the prime factors of 90900.
2, 3, 5, 101
List the prime factors of 103.
103
What are the prime factors of 21896?
2, 7, 17, 23
List the prime factors of 2432.
2, 19
List the prime factors of 32635.
5, 61, 107
List the prime factors of 9094.
2, 4547
What are the prime factors of 69263?
69263
List the prime factors of 56227.
59, 953
What are the prime factors of 90587?
7, 12941
List the prime factors of 5350.
2, 5, 107
List the prime factors of 285.
3, 5, 19
What are the prime factors of 26675?
5, 11, 97
List the prime factors of 4896.
2, 3, 17
List the prime factors of 25760.
2, 5, 7, 23
What are the prime factors of 2960?
2, 5, 37
What are the prime factors of 1276?
2, 11, 29
What are the prime factors of 35863?
35863
List the prime factors of 813.
3, 271
List the prime factors of 1277.
1277
What are the prime factors of 50332?
2, 12583
List the prime factors of 16689.
3, 5563
What are the prime factors of 5782?
2, 7, 59
What are the prime factors of 20816?
2, 1301
What are the prime factors of 2384?
2, 149
List the prime factors of 2028.
2, 3, 13
What are the prime factors of 77103?
3, 13, 659
What are the prime factors of 418?
2, 11, 19
List the prime factors of 5127.
3, 1709
List the prime factors of 10699.
13, 823
List the prime factors of 18264.
2, 3, 761
List the prime factors of 1167.
3, 389
What are the prime factors of 10835?
5, 11, 197
What are the prime factors of 12069?
3, 149
List the prime factors of 794.
2, 397
What are the prime factors of 10295?
5, 29, 71
List the prime factors of 172472.
2, 21559
What are the prime factors of 1408?
2, 11
List the prime factors of 5540.
2, 5, 277
What are the prime factors of 3622?
2, 1811
List the prime factors of 4849.
13, 373
What are the prime factors of 4665?
3, 5, 311
List the prime factors of 6196.
2, 1549
List the prime factors of 816.
2, 3, 17
List the prime factors of 52546.
2, 13, 43, 47
What are the prime factors of 2522?
2, 13, 97
What are the prime factors of 6167?
7, 881
What are the prime factors of 1376?
2, 43
What are the prime factors of 2499?
3, 7, 17
What are the prime factors of 107334?
2, 3, 67, 89
What are the prime factors of 897?
3, 13, 23
What are the prime factors of 3327?
3, 1109
List the prime factors of 635.
5, 127
List the prime factors of 717.
3, 239
List the prime factors of 3048.
2, 3, 127
What are the prime factors of 1444?
2, 19
List the prime factors of 51199.
51199
What are the prime factors of 13710?
2, 3, 5, 457
List the prime factors of 4524.
2, 3, 13, 29
What are the prime factors of 440?
2, 5, 11
What are the prime factors of 4437?
3, 17, 29
What are the prime factors of 48405?
3, 5, 7, 461
List the prime factors of 5041.
71
List the prime factors of 30671.
30671
List the prime factors of 5701.
5701
List the prime factors of 23308.
2, 5827
List the prime factors of 3598.
2, 7, 257
List the prime factors of 3736.
2, 467
What are the prime factors of 19422?
2, 3, 13, 83
List the prime factors of 65845.
5, 13, 1013
List the prime factors of 81976.
2, 10247
List the prime factors of 422.
2, 211
What are the prime factors of 133927?
199, 673
What are the prime factors of 1300?
2, 5, 13
What are the prime factors of 858?
2, 3, 11, 13
What are the prime factors of 9913?
23, 431
What are the prime factors of 4478?
2, 2239
What are the prime factors of 342?
2, 3, 19
List the prime factors of 560.
2, 5, 7
List the prime factors of 495.
3, 5, 11
List the prime factors of 57420.
2, 3, 5, 11, 29
What are the prime factors of 1419?
3, 11, 43
What are the prime factors of 55654?
2, 27827
What are the prime factors of 67184?
2, 13, 17, 19
What are the prime factors of 13556?
2, 3389
List the prime factors of 347.
347
What are the prime factors of 2055?
3, 5, 137
List the prime factors of 20145.
3, 5, 17, 79
What are the prime factors of 247?
13, 19
What are the prime factors of 168?
2, 3, 7
List the prime factors of 390.
2, 3, 5, 13
List the prime factors of 5203.
11, 43
List the prime factors of 6821.
19, 359
List the prime factors of 22196.
2, 31, 179
What are the prime factors of 6650?
2, 5, 7, 19
List the prime factors of 10818.
2, 3, 601
What are the prime factors of 3420?
2, 3, 5, 19
List the prime factors of 19266.
2, 3, 13, 19
What are the prime factors of 99763?
67, 1489
What are the prime factors of 37456?
2, 2341
List the prime factors of 3973.
29, 137
List the prime factors of 16362.
2, 3, 101
List the prime factors of 3241.
7, 463
List the prime factors of 4680.
2, 3, 5, 13
What are the prime factors of 73448?
2, 9181
What are the prime factors of 268?
2, 67
List the prime factors of 14522.
2, 53, 137
What are the prime factors of 3558?
2, 3, 593
What are the prime factors of 1903?
11, 173
List the prime factors of 1104.
2, 3, 23
List the prime factors of 5279.
5279
List the prime factors of 626.
2, 313
List the prime factors of 20306.
2, 11, 13, 71
What are the prime factors of 16780?
2, 5, 839
What are the 